ivided by 11?
8
Let v(n) = -n**3 + 6*n**2 + 2*n - 8. Let i be v(6). Suppose 0 = -i*s - y + 72, -3*y + y - 46 = -2*s. What is the remainder when 1876/35 + 2/5 is divided by s?
16
Suppose -7*d = -11*d + 1504. What is the remainder when d is divided by 27?
25
Let x(g) = 5*g + 5. Suppose 0 = 6*t + 12 - 60. What is the remainder when x(t) is divided by 24?
21
Let o(t) = -t**3 + 8*t**2 + 4. Let p be o(8). What is the remainder when 129 is divided by (p/10)/(4/110)?
8
Suppose 23 = 11*i + 1. Suppose 5*m + i*f = 867, -f + 3*f + 344 = 2*m. Calculate the remainder when m is divided by 59.
55
Let j = 46 - 30. Calculate the remainder when 642/22 + (-2)/11 is divided by j.
13
Suppose -13 - 2 = -c. Suppose -7*y = -2*y - c. Calculate the remainder when 1/(-3 - 21/(-6))*2 is divided by y.
1
Suppose -j = -3*j + 58. Suppose -2*x + m = -15, -27*m - 5 = -32*m. Calculate the remainder when j is divided by x.
5
Suppose -3*d = -52 + 10. Suppose -225 = 4*n - n. Let i = -36 - n. What is the remainder when i is divided by d?
11
Let z(k) be the third derivative of 0 + 1/24*k**4 + k**3 + 0*k - 5*k**2. Calculate the remainder when z(-3) is divided by 2.
1
Let q(y) = -2*y**3 - 28*y**2 + 22*y - 28. What is the remainder when q(-15) is divided by 19?
16
Suppose 5*t + 11 - 76 = 0. Let w(z) = z**2 - 6*z - 19. What is the remainder when w(t) is divided by 15?
12
Let z(x) = -x**2 + 4*x + 1. Let t be z(3). Suppose 0 = t*l + 2*b - 8, 8 = 4*l - 3*b. What is the remainder when (18/21)/((-2)/(-14)) is divided by l?
0
Suppose 0 = 906*a - 904*a - 196. What is the remainder when 293 is divided by a?
97
Let u(r) = -r**2 - 4*r + 32. What is the remainder when 202 is divided by u(-7)?
4
Suppose 13*v - 8*v = 10. Suppose 66 = 3*h + 5*p, -5*h + v*h = -2*p - 45. What is the remainder when 63 is divided by h?
12
Let b be 0 + (-7 - (0 + -3)). What is the remainder when 3*(-268)/(-12) + b is divided by 22?
19
Let k = -150 + 65. Let y = k + 94. What is the remainder when y is divided by 7?
2
Let k = -109 - -149. Calculate the remainder when 82 is divided by k/(-140) + 121/7.
14
Suppose 4 - 4 = d. Suppose -11*x + 401 + 193 = d. What is the remainder when x is divided by 29?
25
Let s = 177 + -152. Calculate the remainder when 71 is divided by s.
21
Suppose -5*z + 56 = v, -z - 8 = -3*z - 4*v. Suppose 14*d - 454 = 330. Calculate the remainder when d is divided by z.
8
Suppose -4*j - 10 = j. Let d be (40/(-16))/(1/j). Suppose -d*m - 16 + 111 = 0. What is the remainder when m is divided by 10?
9
Suppose 2*w + 20 = 5*w - 4*a, -w + 2 = a. Suppose -w*c + 3*o - 2*o = -21, -24 = -5*c + 2*o. What is the remainder when c is divided by (-16)/6*1*9/(-6)?
2
Let q = 80 + -57. Let v = q + 8. What is the remainder when 90 is divided by v?
28
Suppose 4*b + 7 = 5*b. Suppose 4*m - 82 = -3*h - 14, 5*h = -20. What is the remainder when m is divided by b?
6
Let q = -281 + 294. Calculate the remainder when 46 is divided by q.
7
Let a(s) = 0*s**2 + 1 + 5 - 2*s - 4*s + 4*s**2. Calculate the remainder when 47 is divided by a(2).
7
Let v(f) = f**2 + 2*f - 6. Let r be v(6). Suppose 2*j = 5*x + 80, 4*x = 5*j + r - 276. Let l = 588 - 575. What is the remainder when j is divided by l?
11
Let a be (-42)/(-56)*((-11)/(-3) + -1). Suppose 0 = 6*q + a*q - 360. Calculate the remainder when q is divided by 12.
9
Suppose -8 = -k + 2. Let v(p) = p**3 + 12*p**2 + 7*p + 3. Calculate the remainder when v(-11) is divided by k.
7
Let t = 2 + 25. Let m(w) = w**3 + 8*w**2 - 10*w + 1. What is the remainder when t is divided by m(-9)?
7
Let k(l) = 4*l**2 + 37*l + 16. Suppose 4*z + 0*z = -a + 296, 2*z - 148 = -3*a. Calculate the remainder when z is divided by k(-9).
4
Calculate the remainder when 190 is divided by -15*((-198)/(-55) + -6).
10
Suppose 0 = 4*t - 2*t - 300. Calculate the remainder when t/9 + 2/(-3) is divided by (-100)/(-12) + 7/(-3).
4
Suppose 5*j - 18 - 12 = 0. Suppose -k = -o - j, 0 = -3*k + 4 + 2. Calculate the remainder when (-62)/8*(o + 0) is divided by 8.
7
Let r = 82 - 62. What is the remainder when 59 is divided by r?
19
Suppose 25*q = -174 + 849. What is the remainder when 187 is divided by q?
25
Suppose -16 = -r - 3*r. Suppose 176 = 4*i + r*i. Calculate the remainder when i is divided by 16.
6
Let q be -72*((-32)/6 - -5). Calculate the remainder when (-4)/((9/(-24))/(198/q)) is divided by 18.
16
Suppose -3*j + 2*p + 3*p = -102, 2*j = 2*p + 68. Let x = j - 12. What is the remainder when 4/x - (-216)/22 is divided by 6?
4
Let t be 90/7*28/6. Suppose -2*l - t = -j - 187, -4*l - 5*j = -233. Let x(u) = 45*u + 16. Calculate the remainder when l is divided by x(0).
14
Let l = 20 + -12. Let m = l + -9. Calculate the remainder when 23 is divided by ((-12)/9)/(m/6).
7
Calculate the remainder when 3/3 + 856/8 is divided by 52.
4
Suppose 0 = 129*k - 135*k + 372. Calculate the remainder when 1485 is divided by k.
59
Let k(c) = c**2 - 2*c - 1. Let j be k(0). Let x(m) = -4*m + 3. Calculate the remainder when x(j) is divided by ((-1)/(-2))/((-90)/24 + 4).
1
What is the remainder when 7 + 798/(0 - -6) is divided by 15?
5
Let r(x) = -3*x + 13. Let m be r(-9). Suppose 94 = 5*n - 0*o + 2*o, n = -o + 20. What is the remainder when (-516)/(-10) + 16/m is divided by n?
16
Let v = -7 - -12. Suppose 6 - 46 = -v*p. What is the remainder when 4/10 + (-429)/(-15) is divided by p?
5
Suppose 2*d - a - 111 = 0, 125 = -5*d - 5*a + 380. What is the remainder when 195 is divided by d?
33
Let w(o) = o**3 + 16*o**2 + 16*o + 3. Let q be w(-15). Let h = -8 - q. What is the remainder when 15 is divided by h?
3
Suppose a = -5*w + 45, 2*w - 4*a + 0*a = 40. Let n = 1 - -48. Calculate the remainder when n is divided by w.
9
Suppose 139*w + 132 = 145*w. Calculate the remainder when 301 is divided by w.
15
Let n(r) = 5*r**3 + 40*r**2 + 84*r + 20. Let p(q) = q**2 + 7*q + 8. Calculate the remainder when n(-4) is divided by p(-6).
0
What is the remainder when 298 is divided by (-303)/(-15)*3 - (-21)/(-35)?
58
Let q be 6*1/2 + -3. Suppose 237 = 5*j - q*j - 3*r, -j - 3*r = -33. Suppose 2*u + 0*u = 32. Calculate the remainder when j is divided by u.
13
Suppose -3*t + 8*d - 11*d = -501, -d + 335 = 2*t. Calculate the remainder when t is divided by 61.
46
Let z = -4 + 16. Suppose 0*x - 286 = -5*x + c, c = -2*x + 113. What is the remainder when x is divided by z?
9
Suppose 0*k + 93 = 3*k. Let o(p) = 9*p - 4. Let n(b) = b - 1. Let v(a) = -6*n(a) + o(a). Calculate the remainder when k is divided by v(5).
14
Suppose y + 2*c + 0 = -11, 2*y + 2*c = -20. Let n = y + 14. Suppose -3*j + 2*f = f - 49, 0 = n*j - 4*f - 91. Calculate the remainder when 29 is divided by j.
14
Let z be 18/(-4)*(-60)/9. Suppose 2*q = z + 6. Suppose -2 = 6*m - 4*m, 49 = f + 2*m. Calculate the remainder when f is divided by q.
15
Let i(m) = -m**3 - 14*m**2 - 15*m - 16. Let f be i(-13). Suppose f + 34 = -4*j. Let y = 14 + j. Calculate the remainder when 3 is divided by y.
0
Let o(n) be the first derivative of -n**2/2 + 25*n - 28. What is the remainder when 42 is divided by o(10)?
12
Suppose 4*w = 2*g + 274, 2*w + 3*g - 203 = -46. Calculate the remainder when 851 is divided by w.
70
Let d = 89 + -63. Let j(x) = 2*x**2 - 6*x + 6. What is the remainder when d is divided by j(4)?
12
Let z(u) = -152*u + 220. Calculate the remainder when 237 is divided by z(1).
33
Suppose -220*g - 1254 = -231*g. Let v(d) = d**3 - 4*d**2 - 7*d - 6. What is the remainder when g is divided by v(6)?
18
Let j = -26 - -95. Suppose 3*m + 50 = 4*m. Let l = m - 26. What is the remainder when j is divided by l?
21
Let a(x) = 22*x + 1981. Suppose -4*k = 4*p - 8, 0*p = -k - 5*p - 2. Let y(r) = 6*r - 2. Calculate the remainder when a(-88) is divided by y(k).
13
Suppose -2*l + 1 = -3*l. Suppose 2*p - p - 2 = 0, 0 = -w + 3*p - 4. Calculate the remainder when (-1)/l*(5 - 0) is divided by w.
1
Let p = 3494 + -3490. Let t = 2 - -9. Calculate the remainder when 8/44 + 64/t is divided by p.
2
Let t be (-6)/(-14) - (-64)/14. Suppose -t*m + v + 2*v = 0, -4*m - 13 = -5*v. Calculate the remainder when 3 is divided by m.
0
Suppose -a = -209 + 161. What is the remainder when 139 is divided by a?
43
Let x = 7 - -4. Let q(j) = -j**2. Let p(n) = -2*n**2 + 11*n + 4. Let u(b) = -p(b) + 3*q(b). What is the remainder when x is divided by u(-10)?
5
Suppose -49*k = -